{"id":91,"date":"2025-03-24T04:23:39","date_gmt":"2025-03-24T01:23:39","guid":{"rendered":"https:\/\/proje.ustalar.com\/?page_id=91"},"modified":"2025-03-24T04:25:28","modified_gmt":"2025-03-24T01:25:28","slug":"satinalma-danismanligi","status":"publish","type":"page","link":"https:\/\/proje.ustalar.com\/?page_id=91","title":{"rendered":"SATINALMA DANI\u015eMANLI\u011eI"},"content":{"rendered":"\n<h3 class=\"wp-block-heading\">Sat\u0131n alma s\u00fcre\u00e7lerinizde ak\u0131ll\u0131 rehberlik ile&nbsp;rekabette \u00f6ne \u00e7\u0131kman\u0131z\u0131&nbsp;sa\u011fl\u0131yoruz.<\/h3>\n\n\n\n<p class=\"has-text-align-left\"><img loading=\"lazy\" decoding=\"async\" width=\"80\" height=\"80\" src=\"https:\/\/www.pratispro.com\/images\/icons\/purple\/price-advantage.webp\" alt=\"Icon\">Verimlilik ; Ak\u0131ll\u0131 teknolojiler, veri analiti\u011fi ve geli\u015fmi\u015f raporlamalar ile s\u00fcre\u00e7 ve maliyetlerinizde verimlilik sa\u011flay\u0131n.<\/p>\n\n\n\n<p class=\"has-text-align-left\"><img loading=\"lazy\" decoding=\"async\" src=\"https:\/\/www.pratispro.com\/images\/icons\/green\/mobile-compatibility.webp\" alt=\"Icon\" width=\"80\" height=\"80\"><\/p>\n\n\n\n<p class=\"has-text-align-left\">H\u0131z ; Kullan\u0131c\u0131 dostu deneyim, ihale \u015fablonlar\u0131 ve ak\u0131ll\u0131 \u00f6neriler ile pazarl\u0131klar\u0131n\u0131z\u0131 h\u0131zl\u0131 ve kolayca y\u00f6netin.<\/p>\n\n\n\n<p class=\"has-text-align-left\"><img loading=\"lazy\" decoding=\"async\" src=\"https:\/\/www.pratispro.com\/images\/icons\/purple\/x.webp\" alt=\"Icon\" width=\"80\" height=\"80\"><\/p>\n\n\n\n<p>K\u00e2rl\u0131l\u0131k ; Rekabet\u00e7i pazarl\u0131k t\u00fcrleri ve geni\u015f tedarik\u00e7i havuzu ile pazarl\u0131k g\u00fcc\u00fc ve k\u00e2rl\u0131l\u0131\u011f\u0131n\u0131z\u0131 art\u0131r\u0131n.<\/p>\n\n\n\n<p><\/p>\n","protected":false},"excerpt":{"rendered":"<p>Sat\u0131n alma s\u00fcre\u00e7lerinizde ak\u0131ll\u0131 rehberlik ile&nbsp;rekabette \u00f6ne \u00e7\u0131kman\u0131z\u0131&nbsp;sa\u011fl\u0131yoruz. Verimlilik ; Ak\u0131ll\u0131 teknolojiler, veri analiti\u011fi ve geli\u015fmi\u015f raporlamalar ile s\u00fcre\u00e7 ve maliyetlerinizde verimlilik sa\u011flay\u0131n. H\u0131z ; Kullan\u0131c\u0131 dostu deneyim, ihale \u015fablonlar\u0131 ve ak\u0131ll\u0131 \u00f6neriler ile pazarl\u0131klar\u0131n\u0131z\u0131 h\u0131zl\u0131 ve kolayca y\u00f6netin. K\u00e2rl\u0131l\u0131k ; Rekabet\u00e7i pazarl\u0131k t\u00fcrleri ve geni\u015f tedarik\u00e7i havuzu ile pazarl\u0131k g\u00fcc\u00fc ve k\u00e2rl\u0131l\u0131\u011f\u0131n\u0131z\u0131 art\u0131r\u0131n.<\/p>\n","protected":false},"author":1,"featured_media":0,"parent":0,"menu_order":0,"comment_status":"closed","ping_status":"closed","template":"","meta":{"footnotes":""},"class_list":["post-91","page","type-page","status-publish","hentry"],"_links":{"self":[{"href":"https:\/\/proje.ustalar.com\/index.php?rest_route=\/wp\/v2\/pages\/91","targetHints":{"allow":["GET"]}}],"collection":[{"href":"https:\/\/proje.ustalar.com\/index.php?rest_route=\/wp\/v2\/pages"}],"about":[{"href":"https:\/\/proje.ustalar.com\/index.php?rest_route=\/wp\/v2\/types\/page"}],"author":[{"embeddable":true,"href":"https:\/\/proje.ustalar.com\/index.php?rest_route=\/wp\/v2\/users\/1"}],"replies":[{"embeddable":true,"href":"https:\/\/proje.ustalar.com\/index.php?rest_route=%2Fwp%2Fv2%2Fcomments&post=91"}],"version-history":[{"count":2,"href":"https:\/\/proje.ustalar.com\/index.php?rest_route=\/wp\/v2\/pages\/91\/revisions"}],"predecessor-version":[{"id":95,"href":"https:\/\/proje.ustalar.com\/index.php?rest_route=\/wp\/v2\/pages\/91\/revisions\/95"}],"wp:attachment":[{"href":"https:\/\/proje.ustalar.com\/index.php?rest_route=%2Fwp%2Fv2%2Fmedia&parent=91"}],"curies":[{"name":"wp","href":"https:\/\/api.w.org\/{rel}","templated":true}]}}