{"id":88,"date":"2025-03-24T04:20:28","date_gmt":"2025-03-24T01:20:28","guid":{"rendered":"https:\/\/proje.ustalar.com\/?page_id=88"},"modified":"2025-03-24T04:20:29","modified_gmt":"2025-03-24T01:20:29","slug":"mali-danismanlik","status":"publish","type":"page","link":"https:\/\/proje.ustalar.com\/?page_id=88","title":{"rendered":"MAL\u0130 DANI\u015eMANLIK"},"content":{"rendered":"\n<h2 class=\"wp-block-heading\">MAL\u0130 DANI\u015eMAN NED\u0130R?<\/h2>\n\n\n\n<p><strong>Finansal dan\u0131\u015fman<\/strong>, ger\u00e7ek veya t\u00fczel ki\u015filere finansal anlamda bilgi veren ki\u015filerdir. Ger\u00e7ek ki\u015filer veya \u015firketler, bir yat\u0131r\u0131m karar\u0131 portf\u00f6y\u00fc belirlerken, ekonomik e\u011filimleri, \u00e7evre fakt\u00f6rlerini ve riskleri g\u00f6z \u00f6n\u00fcne alarak finansal dan\u0131\u015fmanl\u0131k hizmeti uygulamaktad\u0131r.<\/p>\n\n\n\n<h2 class=\"wp-block-heading\">MAL\u0130 DANI\u015eMAN NE YAPAR?<\/h2>\n\n\n\n<p><strong>Mali dan\u0131\u015fmanl\u0131k<\/strong>&nbsp;yapan \u015firketler, amortisman y\u00f6ntemleri, stoklar\u0131n maliyetinin hesaplama teknikleri, yabanc\u0131 para \u00e7evrimi, konsolidasyon ve bireylerin hesaplar\u0131n\u0131 ayarlama gibi pek \u00e7ok muhasebe politikalar\u0131n\u0131 belirlemektedir.<\/p>\n\n\n\n<p>Mali dan\u0131\u015fmanl\u0131k hizmetinde, bireylerin ihtiya\u00e7lar\u0131n\u0131 de\u011ferlendirerek, yat\u0131r\u0131mlarda, vergi kanunlar\u0131nda ve sigorta konular\u0131nda bireylere \u00f6nc\u00fcl\u00fck ederek onlara yol g\u00f6sterirler. Ayn\u0131 zamanda mali dan\u0131\u015fmanlar, bireylerin e\u011fitimlerinde, yat\u0131r\u0131mlar\u0131nda ve emeklilik gibi k\u0131sa veya uzun vadeli hedeflenmesinde yard\u0131mc\u0131 olurlar.&nbsp;<strong>Ege De\u011ferleme\u2019de<\/strong>&nbsp;i\u015finde uzman ki\u015filerden yard\u0131m alarak paran\u0131z\u0131n kullan\u0131m\u0131 ve takibinin en iyi \u015fekilde yap\u0131lmas\u0131n\u0131&nbsp;<a href=\"https:\/\/egedegerleme.com\/\">mali dan\u0131\u015fmanl\u0131k<\/a>&nbsp;ile sa\u011flay\u0131n<\/p>\n\n\n\n<h2 class=\"wp-block-heading\">MAL\u0130 DANI\u015eMANIN G\u00d6REVLER\u0130 NELERD\u0130R?<\/h2>\n\n\n\n<p>Mali dan\u0131\u015fman\u0131n g\u00f6revleri de\u011fi\u015fiklik g\u00f6sterse de belli ba\u015fl\u0131 \u00f6zellikleri vard\u0131r.<\/p>\n\n\n\n<ul class=\"wp-block-list\">\n<li>\u0130lgili i\u015fletmenin veya bireylerin defterlerini tutmal\u0131d\u0131r. Gelir giderlerinin hepsini dikkate alarak, t\u00fcm bilgileri kaydetmelidir.<\/li>\n\n\n\n<li>Beyanname d\u00fczenlemesi gereken\u00a0<strong>mali dan\u0131\u015fmanlar<\/strong>, ger\u00e7ek veya t\u00fczel ki\u015filerin beyanda bulunmas\u0131 gereken kurumlar vergi ve KDV gibi vergi konular\u0131nda beyanname d\u00fczenlemek ve imzalamak zorundad\u0131r.<\/li>\n\n\n\n<li>Vergi daireleri ile ileti\u015fimde kalmak gibi bilirki\u015filik yaparlar. Vergi, gecikme faizi, cezalar ve fonla ilgili anla\u015fmazl\u0131klar olu\u015fmas\u0131 halinde ki\u015filer veya kurulu\u015flar ad\u0131na vergi daireleri ile mutabakata varmak. Adli yarg\u0131da ve Vergi Daireleri Mahkemelerinde bankalara sunulan bilan\u00e7olar ve sermaye art\u0131r\u0131m\u0131 ile ilgili belgeleri incelemek ve bu konularda bilirki\u015filik yapmak.<\/li>\n\n\n\n<li>\u0130\u015fletmelerin muhasebe sisteminin geli\u015fmesi ve d\u00fczenlenmesi gibi i\u015fletmenin alt yap\u0131s\u0131 i\u00e7in destek vermeleri, muhasebe ile ilgili yaz\u0131l\u0131m programlar\u0131n\u0131n kullan\u0131lmas\u0131 ile hesap planlar\u0131 ve muhasebe raporlar\u0131n\u0131 haz\u0131rlamak gibi finansal t\u00fcm konularda dan\u0131\u015fmanl\u0131k vermek, finansal dan\u0131\u015fmanlar\u0131n bir di\u011fer g\u00f6revidir.<\/li>\n\n\n\n<li>Denetim ve rapor haz\u0131rlama i\u015flemlerinde de bulunan mali dan\u0131\u015fmanlar, talepte bulunulmas\u0131 ile belgelere dayanan mali incelemeler ger\u00e7ekle\u015ftirir ve mali beyannamelerle ve tablolarla ilgili raporlar d\u00fczenleme gibi bir\u00e7ok g\u00f6reve sahiptir.<\/li>\n<\/ul>\n\n\n\n<h2 class=\"wp-block-heading\">MAL\u0130 DANI\u015eMALIK T\u00dcRLER\u0130 NELERD\u0130R?<\/h2>\n\n\n\n<p><strong>Finansal dan\u0131\u015fmanlar:<\/strong>&nbsp;Ger\u00e7ek veya t\u00fczel ki\u015filerin e\u011fitim, emeklilik, m\u00fclk planlamas\u0131 ve birikim gibi konularda paralar\u0131n\u0131n y\u00f6netmelerinde yard\u0131mc\u0131 olurken, finansal hedeflerine ula\u015fmalar\u0131 i\u00e7in plan olu\u015fturarak yard\u0131mc\u0131 olmaktad\u0131r. Bir\u00e7ok finansal planlamac\u0131, vergiler, emlak planlamas\u0131, emeklilik veya yat\u0131r\u0131mlar gibi tek bir uzmanl\u0131\u011fa odaklanmaya karar verir.<\/p>\n\n\n\n<p><strong>Yat\u0131r\u0131m dan\u0131\u015fmanlar\u0131:<\/strong>&nbsp;Yat\u0131r\u0131m kararlar\u0131 vermek ve portf\u00f6ylerini y\u00f6netmek i\u00e7in yard\u0131ma ihtiya\u00e7 duyan bireyler veya \u015firketler, yat\u0131r\u0131m dan\u0131\u015fmanlar\u0131ndan yard\u0131m almal\u0131d\u0131rlar. Bireyler i\u00e7in en iyi yat\u0131r\u0131m\u0131n se\u00e7ilmesi, yat\u0131r\u0131m\u0131n risklerini ve beklenen getirileri konusunda analizlerin yap\u0131lmas\u0131 ve en iyisinin tavsiyesi gibi konularda, yat\u0131r\u0131m dan\u0131\u015fmanlar\u0131na ba\u015fvurulmal\u0131d\u0131r.<\/p>\n\n\n\n<p><strong>Para Ko\u00e7lar\u0131:<\/strong>&nbsp;Finansal dan\u0131\u015fmanlar, istedi\u011fi \u015feyi bilen ki\u015filere tavsiyelerde bulunurken, para ko\u00e7lar\u0131 bireylere parayla iyi bir ili\u015fki kurmak i\u00e7in gerekli ya\u015fam becerilerini \u00f6\u011fretir ve ayr\u0131ca bireyi sorumlu tutar.<\/p>\n\n\n\n<p><\/p>\n","protected":false},"excerpt":{"rendered":"<p>MAL\u0130 DANI\u015eMAN NED\u0130R? Finansal dan\u0131\u015fman, ger\u00e7ek veya t\u00fczel ki\u015filere finansal anlamda bilgi veren ki\u015filerdir. Ger\u00e7ek ki\u015filer veya \u015firketler, bir yat\u0131r\u0131m karar\u0131 portf\u00f6y\u00fc belirlerken, ekonomik e\u011filimleri, \u00e7evre fakt\u00f6rlerini ve riskleri g\u00f6z \u00f6n\u00fcne alarak finansal dan\u0131\u015fmanl\u0131k hizmeti uygulamaktad\u0131r. MAL\u0130 DANI\u015eMAN NE YAPAR? Mali dan\u0131\u015fmanl\u0131k&nbsp;yapan \u015firketler, amortisman y\u00f6ntemleri, stoklar\u0131n maliyetinin hesaplama teknikleri, yabanc\u0131 para \u00e7evrimi, konsolidasyon ve bireylerin [&hellip;]<\/p>\n","protected":false},"author":1,"featured_media":0,"parent":0,"menu_order":0,"comment_status":"closed","ping_status":"closed","template":"","meta":{"footnotes":""},"class_list":["post-88","page","type-page","status-publish","hentry"],"_links":{"self":[{"href":"https:\/\/proje.ustalar.com\/index.php?rest_route=\/wp\/v2\/pages\/88","targetHints":{"allow":["GET"]}}],"collection":[{"href":"https:\/\/proje.ustalar.com\/index.php?rest_route=\/wp\/v2\/pages"}],"about":[{"href":"https:\/\/proje.ustalar.com\/index.php?rest_route=\/wp\/v2\/types\/page"}],"author":[{"embeddable":true,"href":"https:\/\/proje.ustalar.com\/index.php?rest_route=\/wp\/v2\/users\/1"}],"replies":[{"embeddable":true,"href":"https:\/\/proje.ustalar.com\/index.php?rest_route=%2Fwp%2Fv2%2Fcomments&post=88"}],"version-history":[{"count":1,"href":"https:\/\/proje.ustalar.com\/index.php?rest_route=\/wp\/v2\/pages\/88\/revisions"}],"predecessor-version":[{"id":90,"href":"https:\/\/proje.ustalar.com\/index.php?rest_route=\/wp\/v2\/pages\/88\/revisions\/90"}],"wp:attachment":[{"href":"https:\/\/proje.ustalar.com\/index.php?rest_route=%2Fwp%2Fv2%2Fmedia&parent=88"}],"curies":[{"name":"wp","href":"https:\/\/api.w.org\/{rel}","templated":true}]}}