{"id":41,"date":"2025-03-24T03:19:49","date_gmt":"2025-03-24T00:19:49","guid":{"rendered":"https:\/\/proje.ustalar.com\/?page_id=41"},"modified":"2025-03-28T20:48:49","modified_gmt":"2025-03-28T17:48:49","slug":"ustalar-of-ai","status":"publish","type":"page","link":"https:\/\/proje.ustalar.com\/?page_id=41","title":{"rendered":"USTALAR OF AI"},"content":{"rendered":"\n<p>\u00dcretken yapay zeka in\u015faat sekt\u00f6r\u00fcnde h\u0131zla y\u00fckseliyor. \u015eirketler, i\u015f ak\u0131\u015flar\u0131n\u0131 ve i\u015fbirli\u011fini geli\u015ftirmek, tasar\u0131ma yard\u0131mc\u0131 olmak ve verilerini etkili bir \u015fekilde kullanmak i\u00e7in bu teknolojiyi kullan\u0131yor.<\/p>\n\n\n\n<p>Geli\u015ftirmek istedi\u011finiz bir \u015fey mi var?  Bizde uygulamas\u0131 mevcut. Ne karma\u015f\u0131k, ne de masrafl\u0131; yaln\u0131zca bir t\u0131kla y\u00fckleyebilirsiniz.<\/p>\n\n\n\n<p>Her bir uygulamam\u0131z belirli bir s\u00fcreci kolayla\u015ft\u0131rmak ve g\u00fcc\u00fcn\u00fcze g\u00fc\u00e7 katmak \u00fczere tasarland\u0131.<br>Herkesin i\u015fi i\u00e7in do\u011fru ara\u00e7lara kusursuz entegrasyonla ula\u015fmas\u0131n\u0131n yarataca\u011f\u0131 etkiyi bir d\u00fc\u015f\u00fcn\u00fcn.<\/p>\n\n\n\n<ul class=\"wp-block-list\">\n<li><strong>PARSEL SORULAMA <\/strong><\/li>\n\n\n\n<li><strong>\u0130N\u015eAAT MAL\u0130YET\u0130 HESAPLAMA <\/strong><\/li>\n\n\n\n<li><strong>\u0130\u015e S\u00dcRE\u00c7 HESAPLAMA<\/strong><\/li>\n\n\n\n<li><strong>PROJELEND\u0130RME , SANAL GER\u00c7EKL\u0130K , 3D G\u00d6RSEL SUNUM<\/strong><\/li>\n\n\n\n<li><strong>KDV \u0130ADE, F\u0130NANSAL KAR <\/strong><\/li>\n\n\n\n<li><strong>\u015eANT\u0130YE Y\u00d6NET\u0130M\u0130 <\/strong><\/li>\n\n\n\n<li><strong>TEDAR\u0130K Y\u00d6NET\u0130M Z\u0130NC\u0130R\u0130<\/strong><\/li>\n\n\n\n<li><strong>SATI\u015e PAZARLAMA, MARKA Y\u00d6NET\u0130M\u0130 <\/strong><\/li>\n\n\n\n<li><strong>ANAL\u0130Z , RAPORLAMA <\/strong><\/li>\n\n\n\n<li><strong>TES\u0130S S\u0130TE Y\u00d6NET\u0130M\u0130 <\/strong><\/li>\n<\/ul>\n\n\n\n<p><\/p>\n\n\n\n<p><\/p>\n","protected":false},"excerpt":{"rendered":"<p>\u00dcretken yapay zeka in\u015faat sekt\u00f6r\u00fcnde h\u0131zla y\u00fckseliyor. \u015eirketler, i\u015f ak\u0131\u015flar\u0131n\u0131 ve i\u015fbirli\u011fini geli\u015ftirmek, tasar\u0131ma yard\u0131mc\u0131 olmak ve verilerini etkili bir \u015fekilde kullanmak i\u00e7in bu teknolojiyi kullan\u0131yor. Geli\u015ftirmek istedi\u011finiz bir \u015fey mi var? Bizde uygulamas\u0131 mevcut. Ne karma\u015f\u0131k, ne de masrafl\u0131; yaln\u0131zca bir t\u0131kla y\u00fckleyebilirsiniz. Her bir uygulamam\u0131z belirli bir s\u00fcreci kolayla\u015ft\u0131rmak ve g\u00fcc\u00fcn\u00fcze g\u00fc\u00e7 katmak [&hellip;]<\/p>\n","protected":false},"author":1,"featured_media":0,"parent":0,"menu_order":0,"comment_status":"closed","ping_status":"closed","template":"","meta":{"footnotes":""},"class_list":["post-41","page","type-page","status-publish","hentry"],"_links":{"self":[{"href":"https:\/\/proje.ustalar.com\/index.php?rest_route=\/wp\/v2\/pages\/41","targetHints":{"allow":["GET"]}}],"collection":[{"href":"https:\/\/proje.ustalar.com\/index.php?rest_route=\/wp\/v2\/pages"}],"about":[{"href":"https:\/\/proje.ustalar.com\/index.php?rest_route=\/wp\/v2\/types\/page"}],"author":[{"embeddable":true,"href":"https:\/\/proje.ustalar.com\/index.php?rest_route=\/wp\/v2\/users\/1"}],"replies":[{"embeddable":true,"href":"https:\/\/proje.ustalar.com\/index.php?rest_route=%2Fwp%2Fv2%2Fcomments&post=41"}],"version-history":[{"count":3,"href":"https:\/\/proje.ustalar.com\/index.php?rest_route=\/wp\/v2\/pages\/41\/revisions"}],"predecessor-version":[{"id":132,"href":"https:\/\/proje.ustalar.com\/index.php?rest_route=\/wp\/v2\/pages\/41\/revisions\/132"}],"wp:attachment":[{"href":"https:\/\/proje.ustalar.com\/index.php?rest_route=%2Fwp%2Fv2%2Fmedia&parent=41"}],"curies":[{"name":"wp","href":"https:\/\/api.w.org\/{rel}","templated":true}]}}